{"version":"1.0","provider_name":"Tu Finca servicios inmobiliarios","provider_url":"https:\/\/tufincasi.com\/en","author_name":"tufincasi","author_url":"https:\/\/tufincasi.com\/en\/agents\/tufincasi\/","title":"VENTA LOCAL COMERCIAL - Tu Finca servicios inmobiliarios","type":"rich","width":600,"height":338,"html":"<blockquote class=\"wp-embedded-content\" data-secret=\"Ec7e45PqRY\"><a href=\"https:\/\/tufincasi.com\/en\/inmuebles\/venta-local-comercial-2\/\">VENTA LOCAL COMERCIAL<\/a><\/blockquote><iframe sandbox=\"allow-scripts\" security=\"restricted\" src=\"https:\/\/tufincasi.com\/en\/inmuebles\/venta-local-comercial-2\/embed\/#?secret=Ec7e45PqRY\" width=\"600\" height=\"338\" title=\"&#8220;VENTA LOCAL COMERCIAL&#8221; &#8212; Tu Finca servicios inmobiliarios\" data-secret=\"Ec7e45PqRY\" frameborder=\"0\" marginwidth=\"0\" marginheight=\"0\" scrolling=\"no\" class=\"wp-embedded-content\"><\/iframe><script type=\"text\/javascript\">\n\/* <![CDATA[ *\/\n\/*! This file is auto-generated *\/\n!function(d,l){\"use strict\";l.querySelector&&d.addEventListener&&\"undefined\"!=typeof URL&&(d.wp=d.wp||{},d.wp.receiveEmbedMessage||(d.wp.receiveEmbedMessage=function(e){var t=e.data;if((t||t.secret||t.message||t.value)&&!\/[^a-zA-Z0-9]\/.test(t.secret)){for(var s,r,n,a=l.querySelectorAll('iframe[data-secret=\"'+t.secret+'\"]'),o=l.querySelectorAll('blockquote[data-secret=\"'+t.secret+'\"]'),c=new RegExp(\"^https?:$\",\"i\"),i=0;i<o.length;i++)o[i].style.display=\"none\";for(i=0;i<a.length;i++)s=a[i],e.source===s.contentWindow&&(s.removeAttribute(\"style\"),\"height\"===t.message?(1e3<(r=parseInt(t.value,10))?r=1e3:~~r<200&&(r=200),s.height=r):\"link\"===t.message&&(r=new URL(s.getAttribute(\"src\")),n=new URL(t.value),c.test(n.protocol))&&n.host===r.host&&l.activeElement===s&&(d.top.location.href=t.value))}},d.addEventListener(\"message\",d.wp.receiveEmbedMessage,!1),l.addEventListener(\"DOMContentLoaded\",function(){for(var e,t,s=l.querySelectorAll(\"iframe.wp-embedded-content\"),r=0;r<s.length;r++)(t=(e=s[r]).getAttribute(\"data-secret\"))||(t=Math.random().toString(36).substring(2,12),e.src+=\"#?secret=\"+t,e.setAttribute(\"data-secret\",t)),e.contentWindow.postMessage({message:\"ready\",secret:t},\"*\")},!1)))}(window,document);\n\/\/# sourceURL=https:\/\/tufincasi.com\/wp-includes\/js\/wp-embed.min.js\n\/* ]]> *\/\n<\/script>","thumbnail_url":"https:\/\/tufincasi.com\/wp-content\/uploads\/2018\/02\/Local-2.jpg","thumbnail_width":500,"thumbnail_height":375,"description":"En Venta amplio local comercial ubicado en la Avenida Garc\u00eda Si\u00f1\u00e9riz, 33. El local consta de dos plantas, la planta principal tiene 276 M2 distribuidos en local, oficina, 2 cuartos de ba\u00f1o y patio de luz. En el s\u00f3tano hay un almac\u00e9n de 120 M2 con luz natu ral y patio de 55 M2. El [&hellip;]"}

En Venta amplio local comercial ubicado en la Avenida García Siñériz, 33. El local consta de dos plantas, la planta principal tiene 276 M2 distribuidos en local, oficina, 2 cuartos de baño y patio de luz. En el sótano hay un almacén de 120 M2 con luz natu ral y patio de 55 M2. El [&hellip;]
